 5*v + 14227. Is u a composite number?
False
Suppose -56815 = -3*d - 2*g, 5*d + 4*g - 56819 = 2*d. Is d a prime number?
False
Suppose -2*p + 99822 = 6*m, 4*p + 16651 = m + 2*p. Is m a composite number?
True
Let f(c) = 110 + c**3 - 43 + 84 - 4*c**2 + 42*c - 12*c**2 - 11*c**2. Is f(36) composite?
False
Let w = 204684 + -119462. Is w a composite number?
True
Is -8 + -384914*(-5 + 0) + -5 prime?
False
Let y = -304130 + 547819. Is y composite?
True
Suppose -n = 5*d + 12, -n - 3*d = 4*n + 82. Let l(b) = -461*b - 168. Is l(n) composite?
False
Suppose -14 = -4*v + 22. Let p(h) = -8*h**3 + 14*h**2 + 16*h - 31. Let a(q) = 7*q**3 - 13*q**2 - 15*q + 28. Let f(r) = 6*a(r) + 5*p(r). Is f(v) composite?
False
Suppose -49755 - 990689 = -4*d. Is d prime?
True
Let y(j) = 72*j + 3. Let o be -17 - -14 - (-7 + 1). Suppose -5*t = -o*h + 22, 3*t - 4 = -3*h - t. Is y(h) a prime number?
False
Suppose 0 = 5*w - 5*b - 211400, 0 = 2*w + 26*b - 23*b - 84545. Is w a prime number?
False
Suppose 38*o = -113*o + 31436237. Is o a composite number?
True
Let x = 12288 + -7973. Is x/3 - (-28)/42 composite?
False
Let c(y) = 10*y**2 + 6*y - 71. Let u(j) = 29*j + 106. Let z be u(-4). Is c(z) prime?
False
Let q = -1307 - -1906. Let w = 1068 - q. Is w prime?
False
Let t(k) = -261*k - 295*k - 48*k + 1 + k. Is t(-2) prime?
False
Let s = 130959 + -8182. Is s a prime number?
True
Is (84/7 - 4) + 6 + 14087 prime?
False
Let p(h) = -17*h**2 - 39*h + 34. Let f be p(29). Let d = f + 26195. Is d a prime number?
False
Let p be (-1)/5 + 70/(-25). Let z be -5*(p - 13/(-5)). Suppose -3*g + z = -91. Is g a composite number?
False
Let l = -37456 + 136959. Is l prime?
False
Suppose 0 = 126*n - 111*n - 931335. Is n composite?
True
Let r = 58 - 97. Is (21380/6)/((-26)/r) a composite number?
True
Let q be -1 + -3 - (-253)/(-1). Let n = -786 + -22. Let m = q - n. Is m prime?
False
Suppose -3*x = 2*u + 74511 - 325036, -21 = 3*x. Is u prime?
False
Suppose -5*q + 11059 = 3*o, 0*o = 3*o + 6. Suppose -2*f - 2910 = -294. Let x = f + q. Is x a prime number?
False
Suppose 0 = -12*m + 94 + 50. Is 6/2*(53828/m - 6) composite?
True
Suppose 5*f = 1062 - 377. Suppose 5*o - 4*p - 741 = 0, o + f = 2*o + 2*p. Is o a prime number?
False
Is -2*(-9 - (-575665)/(-10)) prime?
True
Suppose -381 = -m + 994. Let s = 3888 - m. Is s prime?
False
Let h(s) = 2*s**2 - s - 4. Let j(m) = -m**2 + 2*m + 4. Let b(x) = 6*h(x) + 7*j(x). Let y be 91/(-6) - ((-94)/(-12) + -8). Is b(y) composite?
False
Suppose -3*x = -4*t - 19550805, -45*t + 6516896 = x - 42*t. Is x prime?
False
Let v(o) = -12*o**3 - 41*o**2 + 15*o + 5. Let t be v(12). Let w = t + 39836. Is w a prime number?
True
Let o(j) = 4*j - 4. Let b(k) = -11*k + 11. Let h(f) = -3*b(f) - 8*o(f). Let s be h(6). Suppose 7*q - s*q - 2406 = 0. Is q a prime number?
False
Let w = 6 - 13. Let y(v) = -264*v + 17. Let i be y(w). Suppose r = -4*r + i. Is r prime?
True
Is 483207 + 6/6 - (6 + -13) a prime number?
False
Let w = 35451 + -11894. Is w composite?
False
Suppose 596*i - q - 1921357 = 593*i, 12 = -3*q. Is i a composite number?
True
Let y = -242387 + 342358. Is y prime?
True
Let r(z) = -2416*z**2 - 2*z + 2. Suppose 5*v = -2*f + 21, 3*f - f - 5*v + 29 = 0. Let o be r(f). Is 1/(o/3223 - (-3 - 0)) prime?
True
Let r = 394 + -257. Let q = r + -88. Let n = 240 - q. Is n a composite number?
False
Is 19279 + (-6)/(-12)*8 composite?
True
Let j = 82 + -84. Let x(t) = -83*t**3 + 5*t**2 + 8*t + 5. Is x(j) prime?
True
Let f(m) = 37*m**2 + 84*m - 55. Is f(-36) a composite number?
True
Suppose 9*f - 7569 = -1951 + 6595. Is f composite?
True
Let f(s) be the third derivative of -s**6/40 - s**5/12 - s**4/12 - s**3/6 + 40*s**2. Let v(j) = -j. Let p(g) = -f(g) + 6*v(g). Is p(4) a composite number?
False
Suppose 2*u + 2318 = 6*a - 2*a, 2*u + 2306 = a. Let r be (-12951)/(-8) + (-5)/(-40) + 1. Let k = u + r. Is k a composite number?
True
Let r be (-1 + 1 + 19970)*(-5)/(-10). Let u = r - 919. Suppose u = 8*w - 1022. Is w composite?
True
Let y = 196 + -195. Is y/(2 + 24469*2/(-24470)) a prime number?
False
Suppose 0 = 23*j + j - 777864. Is j prime?
True
Suppose w - 123620 + 2784 = 5*g, -g = -w + 120848. Is w a composite number?
False
Let i(f) = 258*f - 198. Let c be i(11). Let p = c + 5111. Is p a prime number?
False
Is ((-121)/22*(-12)/(-6))/(2/(-15242)) prime?
False
Let k(n) be the second derivative of 0 + 5/4*n**4 + 2*n**3 - 12*n + 19/2*n**2. Is k(-6) composite?
False
Suppose 74*a - 734444 = 656534. Is a a prime number?
True
Suppose 3*q - d = -1129, 0 = 2*q - 4*d + 168 + 568. Is 2 + 44217/7 + (-108)/q composite?
True
Let p = -79633 + 170712. Is p prime?
True
Let k(b) = -178*b + 3505. Is k(6) a prime number?
True
Let c = 545 + -563. Is 5 + (705 + -1)*c/(-12) a composite number?
False
Let d = 2050 + -1222. Let v = d + 1327. Is v a composite number?
True
Suppose -34*n + 4 = 4. Suppose -5*j + 3*t + 4696 = n, 8*t = -3*j + 3*t + 2838. Is j composite?
False
Let x = -204949 + 296438. Is x a prime number?
False
Let w(d) = d + 12. Let r be w(-7). Suppose 11 = 5*c - 3*c + 5*i, 16 = r*c + i. Suppose -3*f + 0*a + 947 = -5*a, -c*f = 2*a - 961. Is f prime?
False
Suppose 2*b = 4*m - 1128 - 9480, 3*m - 7953 = 3*b. Is m a prime number?
False
Is (-1)/((-4)/(-58))*-58354 - 16404/(-4101) a composite number?
False
Suppose 0 = -6732*l + 6734*l - 349922. Is l a prime number?
False
Let a(r) = 74029*r**3 - 15*r + 15. Is a(1) prime?
False
Let y(j) = -46*j + 792. Let p be y(28). Suppose -39 = -2*o - 665. Let l = o - p. Is l a composite number?
True
Suppose -19*a + 14*a + 350 = 0. Suppose 0*u + 5*q + 168 = -u, 3*u + 474 = -5*q. Let x = a - u. Is x composite?
False
Let z(i) = i**2 + 8*i - 92. Let b be z(-19). Suppose -q - 554 = -f - 0*q, 3*f - 1630 = -5*q. Let m = f + b. Is m prime?
False
Let g(q) = 23*q**2 + 19*q + 2. Let c be (8/(-6))/((-6)/63). Let z be g(c). Suppose -6*p + z = 6*p. Is p prime?
False
Let j(k) = 2*k**2 - 18*k + 26. Let t be j(8). Suppose 47328 = t*i - 4*i. Suppose -2*g = 5*f - 2374, 2*f + i = 5*g + 1953. Is g a prime number?
True
Let l(t) = -4*t**3 - 3*t**2 - 9*t - 8. Let q be l(-1). Suppose w - b = 36773, 36773 = w - b - q*b. Is w composite?
True
Let k(w) = w**3 + 7*w**2 + w + 9. Let y be k(-7). Suppose 0 = -3*r - 6, -4*r = -y*z + 29143 - 10513. Is z prime?
True
Suppose -93637 = -21*c - 36534 + 1510568. Is c prime?
False
Let u(q) = -q**2 + 19*q - 19. Let g be 1 + 39 + (-8)/2. Let m be (-2 + -1)/(g/(-156)). Is u(m) prime?
True
Suppose -d + 45 = 2*m + 172, 5*d + 635 = 2*m. Let v = 131 + d. Suppose 4*k + 715 = -u + 2*u, 0 = v*u + 2*k - 2824. Is u a prime number?
False
Let s = 846 - 1368. Let r = s - -965. Is r prime?
True
Let y(g) = -612*g - 1882. Is y(-7) composite?
True
Let o = -2142 + 3133. Is o a composite number?
False
Let a(n) = -2*n**2 + 34*n - 20. Let i be a(22). Let p = 319 + i. Is p composite?
False
Let b(r) = 62*r**2 - 107*r + 3772. Is b(61) prime?
True
Let d be 2/(2/(-8) - (-15)/(-36)). Let b be -3 + d/(-1) + 3. Suppose b*k = 6*k - 267. Is k a prime number?
True
Let t(h) = -2*h + 29. Let s be 1 + 0 + (3 - -10). Let q be t(s). Is q/(-2) - 6690/(-12) composite?
False
Let c(l) = 93*l - 51. Let s be c(9). Suppose -141 = -5*u + 464. Let q = s + u. Is q composite?
False
Let q(m) = -12987*m - 2848. Is q(-37) prime?
True
Suppose 9*m - 29951 = -250955. Is m/(-70)*25/2 prime?
False
Let s be (-3 - -7)/4*8. Let u = 13 - s. Suppose 1120 = u*a + n, 20 = -0*n + 4*n. Is a composite?
False
Let o be 26/39 - (-416)/6. Let k be 2 - 3 - (-364)/1. Let x = k - o. Is x prime?
True
Suppose -19*x - 27 = -22*x. Is -3*x/(216/(-70768)) prime?
False
Let o(m) be the third derivative of 67*m**7/1680 - 11*m**6/360 - 19*m**5/60 + 33*m**2. Let v(z) be the third derivative of o(z). Is v(5) prime?
True
Let i = -1208 - -1208. Suppose -5*g + 5 = -315. Suppose -r + 575 - g = i. Is r prime?
False
Let w(l) = l**3 + 22*l**2 + 20*l - 17. Let u be w(-21). Suppose u*v = 5*s - 49, 0 = -2*v + v - 1. Suppose s*g - 1972 - 1277 = 0. Is g prime?
False
Let y(j) = 1857*j**2 + 58*j - 367. Is y(8) a composite number?
True
Let h = -10539 + 52505. Is h prime?
False
Let t = 152 + -148. Let m be (36/(-8))/(-9)*t. Is (3670/4)/(1/m) prime?
False
Suppose 0 = 2*x + 3*a - 26136, -a = 5*x - x - 52252. Let z = x - 6943. Is z composite?
True
Is 3 + (-3736416)/36*-3 a prime numb